{"id":7978,"date":"2018-09-01T14:07:56","date_gmt":"2018-09-01T12:07:56","guid":{"rendered":"https:\/\/www.stebatec.com\/referenz_testimonial\/genaue-entlastungsmessung-mit-mid\/"},"modified":"2018-09-01T14:07:56","modified_gmt":"2018-09-01T12:07:56","slug":"genaue-entlastungsmessung-mit-mid","status":"publish","type":"referenz_testimonial","link":"https:\/\/www.stebatec.com\/chde\/referenzen\/genaue-entlastungsmessung-mit-mid\/","title":{"rendered":"Genaue Entlastungsmessung mit MID"},"content":{"rendered":"<p>Die bei Leuk im Wallis gelegene ARA Radet kl\u00e4rt die Abw\u00e4sser aus zw\u00f6lf Gemeinden. Der Zweckverband hat k\u00fcrzlich zus\u00e4tzliche Messstellen in seinem Kanalnetz installiert, um die Abrechnungsgenauigkeit zu erh\u00f6hen. Es fehlt aber weiterhin eine Zulaufmessung bei der ARA. Diese liesse sich nur mit grossem baulichem Aufwand und entsprechenden Kosten realisieren, weshalb die ARA nach einer anderen L\u00f6sung suchte. Da der Ablauf bereits gemessen wird, sollte neu auch die bisher unbekannte Entlastungsmenge erhoben und so das Total berechnet werden. Entlastet wird, wenn bei Regenereignissen die Kapazit\u00e4t der ARA \u00fcberschritten wird; ein Teil des Abwassers durchl\u00e4uft dann nur die Vorkl\u00e4rung. Damit dabei m\u00f6glichst reines Wasser abgeschlagen wird, erfolgt die Entlastung \u00fcber eine Kante direkt unter der Wasseroberfl\u00e4che. Die Breite der Kante und die beim Fallen des Wassers eingetragene Luft erschweren aber die Messung.<\/p>\n","protected":false},"excerpt":{"rendered":"<p>Die bei Leuk im Wallis gelegene ARA Radet kl\u00e4rt die Abw\u00e4sser aus zw\u00f6lf Gemeinden. Der Zweckverband hat k\u00fcrzlich zus\u00e4tzliche Messstellen in seinem Kanalnetz installiert, um die Abrechnungsgenauigkeit zu erh\u00f6hen. Es fehlt aber weiterhin eine Zulaufmessung bei der ARA. Diese liesse sich nur mit grossem baulichem Aufwand und entsprechenden Kosten realisieren, weshalb die ARA nach einer [&hellip;]<\/p>\n","protected":false},"featured_media":7980,"parent":0,"template":"","referenzart":[426],"layoutart":[],"lander":[473],"standtort":[],"class_list":["post-7978","referenz_testimonial","type-referenz_testimonial","status-publish","has-post-thumbnail","hentry","referenzart-durchflussmessung-chde","lander-schweiz-chde"],"acf":[],"_links":{"self":[{"href":"https:\/\/www.stebatec.com\/chde\/wp-json\/wp\/v2\/referenz_testimonial\/7978","targetHints":{"allow":["GET"]}}],"collection":[{"href":"https:\/\/www.stebatec.com\/chde\/wp-json\/wp\/v2\/referenz_testimonial"}],"about":[{"href":"https:\/\/www.stebatec.com\/chde\/wp-json\/wp\/v2\/types\/referenz_testimonial"}],"wp:featuredmedia":[{"embeddable":true,"href":"https:\/\/www.stebatec.com\/chde\/wp-json\/wp\/v2\/media\/7980"}],"wp:attachment":[{"href":"https:\/\/www.stebatec.com\/chde\/wp-json\/wp\/v2\/media?parent=7978"}],"wp:term":[{"taxonomy":"referenzart","embeddable":true,"href":"https:\/\/www.stebatec.com\/chde\/wp-json\/wp\/v2\/referenzart?post=7978"},{"taxonomy":"layoutart","embeddable":true,"href":"https:\/\/www.stebatec.com\/chde\/wp-json\/wp\/v2\/layoutart?post=7978"},{"taxonomy":"lander","embeddable":true,"href":"https:\/\/www.stebatec.com\/chde\/wp-json\/wp\/v2\/lander?post=7978"},{"taxonomy":"standtort","embeddable":true,"href":"https:\/\/www.stebatec.com\/chde\/wp-json\/wp\/v2\/standtort?post=7978"}],"curies":[{"name":"wp","href":"https:\/\/api.w.org\/{rel}","templated":true}]}}

<p>Die bei Leuk im Wallis gelegene ARA Radet klärt die Abwässer aus zwölf Gemeinden. Der Zweckverband hat kürzlich zusätzliche Messstellen in seinem Kanalnetz installiert, um die Abrechnungsgenauigkeit zu erhöhen. Es fehlt aber weiterhin eine Zulaufmessung bei der ARA. Diese liesse sich nur mit grossem baulichem Aufwand und entsprechenden Kosten realisieren, weshalb die ARA nach einer anderen Lösung suchte. Da der Ablauf bereits gemessen wird, sollte neu auch die bisher unbekannte Entlastungsmenge erhoben und so das Total berechnet werden. Entlastet wird, wenn bei Regenereignissen die Kapazität der ARA überschritten wird; ein Teil des Abwassers durchläuft dann nur die Vorklärung. Damit dabei möglichst reines Wasser abgeschlagen wird, erfolgt die Entlastung über eine Kante direkt unter der Wasseroberfläche. Die Breite der Kante und die beim Fallen des Wassers eingetragene Luft erschweren aber die Messung.</p>

<p>Die bei Leuk im Wallis gelegene ARA Radet klärt die Abwässer aus zwölf Gemeinden. Der Zweckverband hat kürzlich zusätzliche Messstellen in seinem Kanalnetz installiert, um die Abrechnungsgenauigkeit zu erhöhen. Es fehlt aber weiterhin eine Zulaufmessung bei der ARA. Diese liesse sich nur mit grossem baulichem Aufwand und entsprechenden Kosten realisieren, weshalb die ARA nach einer [&hellip;]</p>
